
Let s be -1*(-9)/3 - -108. Suppose 13*f = 6*f + 518. What is the greatest common divisor of f and s?
37
Let n(m) be the second derivative of m**4/12 + 4*m**3/3 - m**2 + 7*m. Let b be n(-13). What is the greatest common divisor of 9 and b?
9
Let z be 210 - (0 - 5 - -8). Calculate the greatest common divisor of 18 and z.
9
Let u = 199 - 127. What is the highest common divisor of 8 and u?
8
Let t(h) = -h**3 + 15*h**2 - 45*h - 5. Let k be t(10). What is the greatest common divisor of k and 10?
5
Suppose 4*q = n + 967, 3*q + 5*n = -q + 997. Calculate the highest common divisor of q and 27.
27
Let g be (-143)/(-4) - (-7)/28. Let v(p) = -p + 3. Let m(h) = h**2 - 12*h + 14. Let o be m(10). Let d be v(o). Calculate the greatest common factor of g and d.
9
Let b = 143 - 210. Let s = b - -95. Calculate the highest common factor of s and 84.
28
Let c(g) = g**2 - 5*g - 17. Let l be c(-5). Let p be (-100)/3*(l/(-6) + 4). Calculate the highest common divisor of p and 125.
25
Let s(q) = -2*q**3 + q**2 - q - 1. Suppose -3*a - 4 = 4*k, -3*a + 2*a = 0. Let p be s(k). Calculate the highest common divisor of p and 3.
3
Suppose 5*p + 5*k = 75, -k + 3*k = 0. Let x be (-135)/((1/(-2))/(3/6)). What is the highest common divisor of x and p?
15
Suppose -21*s - 114 = -27*s. What is the greatest common factor of 836 and s?
19
Let a(c) = -35*c - 24. Let m be a(-12). Calculate the greatest common divisor of m and 44.
44
Let b(q) = -q**3 + 9*q**2 + 15. Let s be b(9). Suppose 0 = -5*m - s, -h + m = -0*h - 8. What is the greatest common divisor of 5 and h?
5
Let f = 122 + -75. Calculate the highest common divisor of f and 235.
47
Let r be 9550/6 - ((-14)/(-3))/7. What is the greatest common divisor of 86 and r?
43
Suppose 5*c - 22 - 48 = 0. Suppose 59 - c = 3*h. What is the highest common factor of 60 and h?
15
Let c be 2/((-4)/10) + 1. Let j(q) = 7*q + 69. Let o be j(-5). Let t = o + c. Calculate the greatest common divisor of t and 20.
10
Let i(t) = -t - 13. Let h(v) = -v**2 + v - 2. Let r be h(-2). Let y be i(r). Let c be 44 + (y + 3)/(-2). Calculate the highest common factor of 30 and c.
15
Suppose -3*b - 12 - 12 = 0. Let x = -6 - b. Suppose -3*u + 5 = 2*u, 5*z + x*u = 192. What is the highest common divisor of z and 19?
19
Let r be ((-9)/(-21))/(16/560). What is the greatest common divisor of r and 345?
15
Let x(t) = 2*t**2 + 5*t - 3. Let m be x(-4). Let n be 4/(12/m) - -109. Let h = n - 77. Calculate the greatest common factor of 14 and h.
7
Let d be 9 + 27 + -4 - 0/(-3). What is the highest common divisor of d and 144?
16
Let f = 28 - 22. Let c(o) = 8*o**2 + 4*o - 4. Let x be c(f). Suppose -6*j + x = -j - 4*l, 4*j - 4*l - 244 = 0. Calculate the highest common factor of 8 and j.
8
Suppose 41*q - 5*s - 508 = 39*q, 0 = q - 4*s - 248. What is the highest common factor of q and 33?
33
Suppose 0 = g - 22 - 6. Suppose 2*n + 2*k = 113 - 95, -5*n - 11 = -3*k. What is the highest common factor of n and g?
2
Let a be (-7)/(21/90)*(-3)/6. Calculate the greatest common divisor of a and 480.
15
Suppose -2*o + 3*g = 78, 7*o + 130 = 4*o - 2*g. Let w be (o/(-28))/(1/54*3). Calculate the greatest common factor of w and 135.
27
Suppose -5*u + 445 = 5*w, 0*w + 64 = u - 4*w. Let c = u + -51. What is the highest common factor of c and 231?
33
Let z be (-6)/(-4) - 3/(-6). Suppose 4*j - z*j = 0. Suppose 7*w - 2*w - 369 = 4*i, 3*i - 12 = j. What is the highest common factor of 11 and w?
11
Suppose -3*k - 2*c = k - 382, 4*c = -2*k + 200. What is the highest common factor of k and 4?
2
Let x(z) be the first derivative of z**4/4 - z**3 - z**2/2 + 10*z + 4. Let d be x(6). Calculate the greatest common divisor of 28 and d.
28
Let f be (66/(-9))/(28/(-2016)). Calculate the highest common factor of 144 and f.
48
Let y(k) = 3*k**3 - 26*k**2 - 6*k - 15. Let v be y(9). Calculate the greatest common factor of v and 64.
4
Let t(o) = 4*o. Let u be t(3). Let g = u - 6. Let w(h) = -h**2 + 9*h - 5. Let q be w(8). What is the highest common divisor of q and g?
3
Suppose -2*z + 7*z - 230 = 0. Suppose -a = -z + 2. What is the highest common divisor of a and 110?
22
Let h(j) = -j - 5. Let w be h(-13). Let p be 0 - 4 - w*(-8)/8. Calculate the greatest common factor of 5 and p.
1
Suppose -3*q + 18 = g, -g - 2*q - 20 = -3*g. Calculate the highest common factor of 828 and g.
12
Let v = -220 - -222. Calculate the highest common divisor of v and 64.
2
Let i = -85 + 121. Suppose -z = a - 57, 3*a = -a + 2*z + 246. Let o = a + -36. Calculate the highest common divisor of i and o.
12
Suppose 42 = -4*u + 6. Let h(g) = -6*g + 3. Let f be h(u). What is the greatest common factor of f and 19?
19
Suppose m - 5*m = -336. Let s be 4/(2*-1) + 28. Suppose -s - m = -d. Calculate the greatest common divisor of d and 10.
10
Let x(z) = -z**2 + 1. Let a(c) = -3*c**2 + 12*c - 12. Let j(t) = a(t) - 4*x(t). Let q be j(-14). Calculate the highest common divisor of q and 132.
12
Suppose 4*i = 3*i + 2*j + 1196, -4*i + 3*j + 4804 = 0. What is the greatest common factor of i and 86?
86
Suppose 7*f + 9 = 79. Let t(b) = -3*b + 36. Let v be t(f). What is the highest common factor of v and 8?
2
Let z = 164 + -341. Let k = z - -400. Suppose 4*q = 3*v - 311, 2*v - k + 18 = 5*q. Calculate the greatest common factor of v and 15.
15
Let j(v) = -3*v + 10. Let i be j(9). Let h = 5 - i. Suppose 5*g = 3 + h. Calculate the greatest common factor of g and 10.
5
Let k be (-164 - -168)*2/2. Calculate the highest common divisor of k and 32.
4
Suppose -2*h + 16 = -2*a, -100 + 28 = -5*h - 3*a. What is the greatest common divisor of 30 and h?
6
Suppose 371 = -8*s + 1691. Suppose 5*y = 2*y + s. Calculate the highest common divisor of 22 and y.
11
Suppose -36*j - 42 = -39*j. Let x(v) be the first derivative of 5*v**2 - 5*v - 5. Let n be x(4). Calculate the greatest common factor of j and n.
7
Let z(l) = -l**3 - 5*l + 24. Let i be z(0). Calculate the highest common divisor of 456 and i.
24
Let r = 815 - 785. Suppose -c = -1 - 2. What is the highest common divisor of r and c?
3
Let f = 368 + -189. Suppose 0 = -r - r - 4*p - 146, 3*r + f = 2*p. Let k = 108 + r. What is the greatest common divisor of 9 and k?
9
Let c(z) = 16*z + 246. Let k be c(-9). Calculate the greatest common divisor of k and 68.
34
Let q = -44 - -49. Let d(k) = 4*k**3 - 2*k**2 + 5*k - 4. Let w be d(1). What is the highest common factor of w and q?
1
Suppose -3*w = w - 112. Let m = -32 + w. Let x be (20/8)/(m/(-104)). What is the highest common factor of x and 26?
13
Suppose 4*p + 33*z - 37*z = 184, 0 = 5*p - z - 250. What is the greatest common factor of 68 and p?
17
Suppose -4*w = -4*m - 376, -2*w = -3*m + 40 - 233. Let i = 222 - w. What is the greatest common divisor of i and 19?
19
Let y(x) = 4*x**2 + 121*x + 686. Let p be y(-6). What is the highest common divisor of 52 and p?
52
Suppose 0 = 12*t + 7*t - 1729. Let p be 1/(-1)*(3 + -16). Calculate the greatest common divisor of p and t.
13
Let i be ((-27)/6 + -4)/(1/(-2)). Let o(n) = 2*n**2 - 2*n - 8. Let l be o(9). Calculate the greatest common divisor of i and l.
17
Suppose s - 2*s = 5*q - 17, -5*s - 35 = -5*q. Suppose -q*y + 18 = -2. Calculate the highest common divisor of 45 and y.
5
Let r = -483 + 489. What is the highest common factor of 534 and r?
6
Let j be 156*(33/9 - 3). Suppose -5*q + j = z, -3*q - 18 + 83 = -2*z. Let m = -6 + q. What is the highest common divisor of 6 and m?
3
Let t be 110/539*7*(-7)/(-1). What is the highest common factor of 70 and t?
10
Suppose 5*u = 44 + 361. Suppose 3*a = -2 + 11. Suppose -7*o + 36 = -a*o. What is the greatest common factor of u and o?
9
Suppose -c - 2*h + 11 = 0, -3*c = -0*h + 4*h - 25. Let m be (-1*5)/(c/(-63)). What is the greatest common divisor of m and 21?
21
Let w be ((-2)/4)/((5/2)/(-5)). Let a be (w*3 - (1 - -1)) + 83. Calculate the greatest common factor of 12 and a.
12
Suppose 109 = 4*b + 17. What is the greatest common divisor of b and 4531?
23
Let j = 99 - -60. Let y = j + -91. What is the highest common divisor of y and 17?
17
Let t(d) = -1 + 4 - d**2 - 14*d - 5 - 3. Let i be t(-11). Calculate the highest common factor of i and 308.
28
Let h(i) = 0*i - 8 + 19 + i. Let g be h(-8). Suppose g*s + 5*c - 74 = 0, -c = c - 2. Calculate the highest common factor of 46 and s.
23
Let d(u) =